112. What is the remainder when 212 is divided by k?
48
Let j = 29793 + -29560. Calculate the remainder when 478 is divided by j.
12
What is the remainder when (18/(-162)*6)/((-2)/4383 + 0) is divided by 25?
11
Let s(p) be the first derivative of p**4/4 - 14*p**3/3 + 4*p**2 + 149*p - 30. Calculate the remainder when s(13) is divided by 31.
22
Let i = -146 - -149. Suppose i*d - 3*c = 222 + 24, c - 173 = -2*d. Suppose -n + 69 - 24 = 0. What is the remainder when d is divided by n?
40
Let i = -4 - -7. Suppose 0 = 3*z - z - i*z. Suppose 5*n + 5*x - 36 + 1 = z, 2*n = 4*x - 10. Calculate the remainder when 6 is divided by n.
0
Suppose n - 889*u - 547 = -894*u, 5*n + 5*u - 2815 = 0. What is the remainder when n is divided by 64?
55
Suppose -47*m + 50*m = 633. Suppose -4*z + 48 = 4*g - 144, 2*z + 10 = 0. What is the remainder when m is divided by g?
52
Let f(n) = -16 - 13*n**2 - 15*n + 7*n**2 + 7*n**2. Suppose 0*x + 2*x = 68. Calculate the remainder when x is divided by f(17).
16
Suppose -3*f - 2*m = -45 - 146, f - m - 57 = 0. Calculate the remainder when 4756 is divided by f.
59
Let k(p) = -p**3 - 13*p**2 - p - 9. Let g be k(-13). Suppose 2*l + 3*l - g*r = 97, -5*r - 32 = -2*l. Calculate the remainder when 36 is divided by l.
15
Let m = -7 + 16. Calculate the remainder when ((-28600)/(-48))/13 - 3*(-6)/108 is divided by 2/(-6) - (-147)/m.
14
Let g = -7101 - -7125. Let l(q) = -8*q + 13. Calculate the remainder when l(-9) is divided by g.
13
Let p = -28694 + 28735. Calculate the remainder when 2864 is divided by p.
35
Let j = -26 - -27. Let u(g) = -12*g + 8*g - j + 11. Calculate the remainder when 50 is divided by u(-4).
24
Let k = 25 - 22. Suppose -k*i - 104 = -7*i. Suppose -3*d = 3*c - d - 154, -2*c + 90 = -5*d. Calculate the remainder when c is divided by i.
24
Let r(m) = m**3 + 6*m**2 + 2*m - 9. Suppose -2*d - 33 = 5*y - 6*d, 0 = y + 4*d - 3. Let i be r(y). Let p = i + 2. What is the remainder when 30 is divided by p?
6
Suppose 17*j - 24*j = 3423. Let k = -394 - j. What is the remainder when k is divided by 53?
42
Suppose 2*v = 466 + 296. Calculate the remainder when v is divided by (103 - (0 - 3)) + -29.
73
Let o(y) = 2*y**3 + 18*y**2 + 4*y - 8. Let r be o(-8). Suppose 3*p + r = z, 0 = -3*z + 4*z - p - 80. What is the remainder when 222 is divided by z?
70
Let p(d) = d**3 + 6*d**2 - 41*d + 21. Calculate the remainder when 278 is divided by p(-10).
30
Let z(x) = 9*x**2 + 6*x + 2. Let g be z(-4). Suppose -8*c - 13 = -45. Suppose 0 = c*k - 162 + g. What is the remainder when 59 is divided by k?
9
Calculate the remainder when 591 is divided by ((147/14)/(-21))/(((-6)/3)/104).
19
Let x(n) = -1140*n - 5560. Let u = -14 - -29. What is the remainder when x(-5) is divided by u?
5
Suppose -8*v + 11*v - 3276 = -3*m, 4*m - 4372 = -5*v. Suppose -23*a + m = -292. What is the remainder when a is divided by 21?
18
Let k be (1/(-4))/((-25)/(-350))*52. Let n = 242 + k. What is the remainder when 478 is divided by n?
58
Let w(f) = f**2 - f - 2. Let z be w(3). Let n(j) = -j**3 + 5*j**2 + 9*j - 8. Calculate the remainder when n(z) is divided by 12.
8
Suppose -319 + 58 = 9*w. Let k = w + 43. What is the remainder when 81 is divided by k?
11
Suppose 14*g - 11086 = 7534. Calculate the remainder when g is divided by 134.
124
Suppose 0 = 2584*v - 650*v - 197268. Let l(m) = 13*m**2 + 2*m - 3. What is the remainder when l(-5) is divided by v?
6
Suppose 6*j = -4*w + j + 21304, -4*j = -3*w + 16009. What is the remainder when w is divided by 21?
18
Let r(k) = 10*k**2 + 5*k - 2. Let n be r(1). Suppose -n*g = o - 8*g + 3, 54 = 4*o - 2*g. Calculate the remainder when 57 is divided by o.
9
Let h = 8539 - 4887. What is the remainder when h is divided by 203?
201
Let c be -10*(-2 - (-26)/4) + -2. Let w = 77 + c. Suppose -p - 3*v + 4 = 0, -2*p - 5*v + w = -10*v. Calculate the remainder when 36 is divided by p.
6
Let d be (2 - 16)*36/(-24). Suppose -d*i + 872 = -13*i. Let j(u) = u**2 - 5*u + 4. Calculate the remainder when i is divided by j(6).
9
Let a(g) = 25*g**3 - 3*g**2 + 38*g - 102. Calculate the remainder when 2668 is divided by a(3).
28
What is the remainder when 6817 - 0 - (-117 - -128) is divided by 74?
72
Calculate the remainder when -38*10*(-18)/24 is divided by (129/(-27) - -5) + (-1560)/(-27).
53
Let g(t) = 3*t**2 - t. Let c(u) = 3*u**3 - 5*u**2 - 6*u - 2. Let w(p) = -c(p) - 5*g(p). Calculate the remainder when w(-7) is divided by 93.
92
Let g = 36 + 0. Suppose 2*f + 97 = 5*f + 2*w, f - 3*w = g. Suppose -88*z = 90 - 882. Calculate the remainder when f is divided by z.
6
Calculate the remainder when 858 is divided by (5 - 2)*(35/3 + 828/138).
10
Suppose h = 2190 - 2069. Calculate the remainder when 351 is divided by h.
109
Let x be 8 + 4 + -8 + 4 + -10. Calculate the remainder when 170 is divided by 59/2 - -5*x/20.
25
Let k be (-5)/(-2)*-4*96/(-40). Suppose 0 = 2*p - 2*a - 54, -26*p = -k*p - 4*a - 56. What is the remainder when 280 is divided by p?
20
Suppose 3*s - 5*v + 25 = -9*v, -4*v - 22 = 2*s. What is the remainder when ((-5336)/69)/(8/s - -2) is divided by 7?
4
Let m = 3695 + -3251. What is the remainder when m is divided by 45?
39
Suppose 0 = -4*m + m + 225. Let d = 183 + -54. Suppose -5*v + 1 = -d. What is the remainder when m is divided by v?
23
Suppose 4*x + 4*h - 176 = h, 0 = -3*h. Suppose x*g - 42*g = 8. Suppose 0 = 6*m - 2*m + p - 19, -4 = -4*m + g*p. What is the remainder when m is divided by 1?
0
Let o be (-20)/(-15)*(-2 - 13). Let m = o - -112. Calculate the remainder when 175 is divided by m.
83
Let h(a) = 7*a**2 - 29*a - 25. Let v be h(5). Let l be 4/(-10) + 1588/(-5). What is the remainder when (l*v/(-50))/((-3)/(-15)) is divided by 9?
6
Suppose -15 = -5*y, -4*y - 6 = 2*s - 22. Suppose 0 = 2*c + 5*t + s - 24, -3*c + t = -50. What is the remainder when 250 is divided by c?
10
Suppose 37*p = 31*p + 414. Suppose 91 = o + p. Calculate the remainder when 107 is divided by o.
19
Suppose 4*o = 2*s + 7 + 9, -3*o = -5*s - 26. Let j(z) = z**2 + 1. Calculate the remainder when j(o) is divided by (4/10)/(4/20).
1
Let m(l) = 349*l - 49. Let t be m(1). Suppose -5*w - 100 = -t. What is the remainder when 316 is divided by w?
36
Let z(r) = 14*r**2 + 3*r - 8. Let k(b) = -b**3 - b**2 + 6*b - 4. Let c be k(-3). Let p be z(c). Calculate the remainder when 58 is divided by p/10 - (-6)/(-15).
18
Let x = -676 - -680. Suppose -2*l = w - 45, -186 = -x*w - 9*l + 7*l. What is the remainder when w is divided by 17?
13
Suppose 3*k + 0*k + 3*b = 120, 5*k - 11*b - 120 = 0. Calculate the remainder when 623 is divided by k.
28
Let y = 122 - 95. Suppose 2*s + 2*x + y = 3*x, -3*s - 8 = 5*x. Let k = 28 + s. What is the remainder when 118 is divided by k?
16
What is the remainder when 6680 is divided by (32 - 2) + 39 + -52?
16
Let s = 1557 - 1553. What is the remainder when 1019 is divided by s?
3
Suppose -24 = -4*b - m, m = 3*b - 4*m - 41. Let n = -1 + b. Let l(k) = -k**2 - 44*k + 23. Calculate the remainder when l(-44) is divided by n.
5
Suppose 4*h = 0, 4*d - 3*h - 528 = -7*h - h. What is the remainder when 527 is divided by d?
131
Suppose -2529 + 353 = -17*k. Suppose 3*y = -12 + 93. What is the remainder when k is divided by y?
20
Suppose -2*j + 6 = 0, 0 = -8*s + 5*s + 4*j + 168. Suppose 66*h - 60*h - s = 0. Suppose b + 490 = 6*b. Calculate the remainder when b is divided by h.
8
Suppose -5*o - 10 = 2*k - 7*k, 0 = -3*k + 5*o + 10. Suppose -10*a + k = -0. Suppose a*y = y - 90. What is the remainder when y is divided by 46?
44
Let k = -106 - -765. Calculate the remainder when k is divided by 12.
11
Let n(x) = -1163*x - 9199. Calculate the remainder when n(-9) is divided by 110.
58
What is the remainder when (-1)/((-21 + 17)/1332) is divided by (-8)/(-6)*9*4?
45
Let t = -1205 + 1227. Let d(m) = m**3 + 4*m**2 + 5*m + 4. Let b be d(-3). What is the remainder when t is divided by 5/((-1)/2*b)?
2
Suppose -2584*q = -2555*q - 870. Calculate the remainder when 45 is divided by q.
15
Calculate the remainder when ((-1768)/(-12))/(3986/(-570) + 45 + -38) is divided by 253.
249
Let w(l) = l**3 + 7*l**2 + 9*l - 9. Let a be w(-5). Let f(m) = -m**3 + 5*m**2 + 3*m - 5. What is the remainder when f(a) is divided by 13?
10
Let n be 7*45/(-1 + 6). Let z = 84 - n. Let m(d) = -d**3 + 9*d**2 + 8*d - 5. Wha